43433 - 2040?
41343
In base 4, what is -20033 + 2222?
-11211
In base 2, what is -1111001111101011 + 101?
-1111001111100110
In base 6, what is 10504 + 14?
10522
In base 7, what is 5502444 + -4?
5502440
In base 5, what is -1 + -12234304?
-12234310
In base 13, what is 9a0 - -18?
9b8
In base 9, what is 53 + -1151?
-1087
In base 5, what is 1124 - 3023?
-1344
In base 10, what is -1 - 110242?
-110243
In base 15, what is -4 - 495dc?
-495e1
In base 5, what is 14 - -22431?
23000
In base 14, what is -3 + -8c4?
-8c7
In base 2, what is 101100100011 + 1110?
101100110001
In base 4, what is -23321113 - -11?
-23321102
In base 4, what is 23011 + 23?
23100
In base 12, what is 1656 + a60?
24b6
In base 6, what is -2 - 43531?
-43533
In base 13, what is 9b6 - -5?
9bb
In base 10, what is -126 - -579?
453
In base 10, what is 4 + -2315?
-2311
In base 9, what is 2 + 623428?
623431
In base 3, what is 122012 - -2121?
201210
In base 13, what is -c + -7a0?
-7ac
In base 6, what is 1 - 51513?
-51512
In base 15, what is -176b3 - 2?
-176b5
In base 10, what is 7 + 38836?
38843
In base 12, what is -a - -59793?
59785
In base 14, what is 2d7c - 9?
2d73
In base 4, what is 1 - -1101211303?
1101211310
In base 7, what is -3 + -11235?
-11241
In base 11, what is 1614a + 5?
16154
In base 7, what is 45115 + -1165?
43620
In base 3, what is -20020 + 1100220?
1010200
In base 15, what is 92 - 35?
5c
In base 5, what is 23134 - 3?
23131
In base 12, what is -1 - -48367?
48366
In base 4, what is 111323331 + -3?
111323322
In base 5, what is -4113141 - -210?
-4112431
In base 2, what is -1110010001001 + -1?
-1110010001010
In base 2, what is 1101100110010 - 10000?
1101100100010
In base 8, what is -123 + -61555?
-61700
In base 10, what is -4 + -14668?
-14672
In base 16, what is a + -2d615?
-2d60b
In base 9, what is -648734 - 3?
-648737
In base 5, what is -12024 - -11410?
-114
In base 2, what is -10100001110 - 110000?
-10100111110
In base 2, what is 11 - 100101001011011011?
-100101001011011000
In base 3, what is -11 - -1122110012101?
1122110012020
In base 7, what is 2 + -111312?
-111310
In base 10, what is 1362173 + -3?
1362170
In base 7, what is -1 - -665516?
665515
In base 2, what is 1000 - 101111110010?
-101111101010
In base 3, what is 10112112222002 - 2?
10112112222000
In base 8, what is 12335 + 361?
12716
In base 9, what is -7 + -348542?
-348550
In base 3, what is 1020 - -1110100?
1111120
In base 9, what is -8 - 38516?
-38525
In base 5, what is -433 - -31001?
30013
In base 13, what is -67 + 414?
37a
In base 8, what is 11 + -62337?
-62326
In base 2, what is 10 + -10000011110111010?
-10000011110111000
In base 14, what is 0 + -130d9?
-130d9
In base 15, what is -742 - -3?
-73e
In base 2, what is 1000 + -110110000001101?
-110110000000101
In base 9, what is 351360 - 4?
351355
In base 10, what is 6 - 8827?
-8821
In base 7, what is -1 - 41252?
-41253
In base 11, what is -180843 - 0?
-180843
In base 15, what is -2718 + -1e0?
-2908
In base 3, what is 20212 + -210?
20002
In base 8, what is -4723 - -41?
-4662
In base 4, what is 0 - 1013320?
-1013320
In base 12, what is 79226 - 1?
79225
In base 5, what is 33 + -30340140?
-30340102
In base 7, what is -26 + 3510?
3451
In base 11, what is 5 + 6301?
6306
In base 15, what is 137 - -a03?
b3a
In base 13, what is 886 + 1265?
1b1b
In base 15, what is -460 + 936?
4c6
In base 14, what is 7d9 + -20?
7b9
In base 5, what is -1230244034 - 0?
-1230244034
In base 8, what is -212427 - -7?
-212420
In base 9, what is -3 - -1117?
1114
In base 15, what is -c + 3696?
3689
In base 3, what is 1102012112202 - -1?
1102012112210
In base 14, what is -98d - -1?
-98c
In base 15, what is 6 - 91d1?
-91ca
In base 4, what is -30101 + 112?
-23323
In base 2, what is 1011101101100101 - -1?
1011101101100110
In base 4, what is 21 - -313022301?
313022322
In base 11, what is -7465 + 57?
-7409
In base 16, what is -54c8 - -61?
-5467
In base 15, what is 1116 + -1b?
10ea
In base 16, what is -11a3 + -9?
-11ac
In base 14, what is -77 - -c28?
b91
In base 13, what is 2c38 + -156?
2ab2
In base 12, what is 2a9a1 - -3?
2a9a4
In base 3, what is 10100220021 + -1?
10100220020
In base 2, what is -1010011011 - -10011101?
-111111110
In base 5, what is -44000 + 300?
-43200
In base 9, what is -2071605 + 1?
-2071604
In base 16, what is -60e - 32?
-640
In base 14, what is -272 + 12a?
-146
In base 16, what is -d0 - -81?
-4f
In base 3, what is -11220021 - -100?
-11212221
In base 7, what is 1316402 - 5?
1316364
In base 6, what is 5010 - -111?
5121
In base 3, what is 12 + -1010112220?
-1010112201
In base 3, what is -210021202220 + 1?
-210021202212
In base 7, what is -1 - -1406?
1405
In base 8, what is -111476 + 1?
-111475
In base 4, what is -2133 + -1?
-2200
In base 4, what is -2202 - -1030?
-1112
In base 3, what is 10 + -1102022010?
-1102022000
In base 7, what is -132 + -201?
-333
In base 11, what is 62805 - 1?
62804
In base 5, what is 41213233 + 2?
41213240
In base 4, what is 11 - 1002310230?
-1002310213
In base 11, what is 637171 + 3?
637174
In base 4, what is -32 - -22032?
22000
In base 4, what is 122 + 23231023?
23231211
In base 2, what is 11010101 + -100111010?
-1100101
In base 12, what is 411 + -1878?
-1467
In base 10, what is -1131 - -2194?
1063
In base 13, what is -1 - -12a5?
12a4
In base 9, what is -250 + -54?
-314
In base 13, what is -1730682 + 0?
-1730682
In base 12, what is 3 - -2ba5?
2ba8
In base 7, what is -22 + 2651033?
2651011
In base 15, what is -ad2d - 1?
-ad2e
In base 9, what is -3036 + -173?
-3220
In base 3, what is 21101 + 111201101?
111222202
In base 12, what is -a09 + 197?
-832
In base 13, what is -a + cbcc?
cbc2
In base 12, what is -5b66 - -4?
-5b62
In base 8, what is 542 - 2361?
-1617
In base 10, what is 2101 + -364?
1737
In base 6, what is -2 - -1245543?
1245541
In base 16, what is cdff - 1?
cdfe
In base 15, what is 96644 - -1?
96645
In base 12, what is a993 + -4?
a98b
In base 5, what is -100401401 + 2?
-100401344
In base 8, what is 37 + -3017?
-2760
In base 15, what is -102 + 426?
324
In base 14, what is 2 + 9662?
9664
In base 10, what is 5849 + 0?
5849
In base 7, what is -12514 - -5500?
-4014
In base 13, what is -11a014 + 0?
-11a014
In base 7, what is -321 - -1351?
1030
In base 12, what is -500 - -38?
-484
In base 13, what is -9 - 19820?
-19829
In base 15, what is -1 - -7a83e?
7a83d
In base 6, what is 242022 - -31?
242053
In base 9, what is -4 + 36516?
36512
In base 14, what is 1d09a - -52?
1d10c
In base 10, what is -15827 + -244?
-16071
In base 6, what is 23321 + 13?
23334
In base 13, what is 16 + 1564c?
15665
In base 11, what is -145 - 550?
-695
In base 16, what is -2 - -1a2e6?
1a2e4
In base 12, what is 1 - 231ab7?
-231ab6
In base 5, what is 3102432 + 1?
3102433
In base 7, what is -1130 - -112?
-1015
In base 5, what is 143412 + 2?
143414
In base 14, what is 1c504 - -6?
1c50a
In base 11, what is 1023 + -120?
a03
In base 6, what is 42 + -2351?
-2305
In base 3, what is 10200 - -12012?
22212
In base 12, what is -4 - 74548?
-74550
In base 7, what is 2522 + -6?
2513
In base 5, what is 14214 + 11014?
30233
In base 16, what is 1e5 + 57e?
763
In base 11, what is 121948 - -3?
121950
In base 14, what is 7480 - -1?
7481
In base 10, what is 4 + 1111?
1115
In base 11, what is -41 + 18a1?
1860
In base 12, what is -a7447 + 1?
-a7446
In base 7, what is 5 + -44030?
-44022
In base 6, what is -523 - 10344?
-11311
In base 3, what is 12202200012 - -1?
12202200020
In base 4, what is 1101 + -13113?
-12012
In base 2, what is 11110000001110 + 101?
11110000010011
In base 13, what is 49 - 2a?
1c
In base 4, what is 2222133133 - 11?
2222133122
In base 7, what is 4 + -2246254?
-2246250
In base 11, what is 145864 - -3?
145867
In base 3, what is -1200201122 - -10?
-1200201112
In base 12, what is 1 - 48bb?
-48ba
In base 15, what is 3 + -79b5?
-79b2
In base 9, what is 324 - -14?
338
In base 3, what is -1021 - -2012111101?
2012110010
In base 13, what is 19195 - 67?
1912b
In base 13, what is 2c - 37b30?
-37b01
In base 10, what is 1 - -10020?
10021
In base 13, what is -1c693 - -9?
-1c687
In base 11, what is 15 + -12318?
-12303
In base 7, what is 4553 + 100?
4653
In base 16, what is 1f626 + -2?
1f624
In base 7, what is 3 - -136605?
136611
In base 16, what is 4e - a96?
-a48
In base 10, what is 677711 + 3?
677714
In base 15, what i